{"id":501,"date":"2025-02-04T16:07:48","date_gmt":"2025-02-04T16:07:48","guid":{"rendered":"https:\/\/crevilla.projectes.biz\/?page_id=501"},"modified":"2025-03-19T15:17:57","modified_gmt":"2025-03-19T15:17:57","slug":"aviso-legal","status":"publish","type":"page","link":"https:\/\/crevilla.projectes.biz\/es\/aviso-legal\/","title":{"rendered":"Aviso legal"},"content":{"rendered":"\n<h1 class=\"wp-block-heading\">Aviso legal<\/h1>\n\n\n\n<h2 class=\"wp-block-heading\">Informaci\u00f3n corporativa<\/h2>\n\n\n\n<p>En cumplimiento de la Ley 34\/2002, de 11 de julio, de servicios de la sociedad de la informaci\u00f3n y de comercio electr\u00f3nico, <strong>Carles Revilla<\/strong>, le informa que es titular del sitio web: <strong>https:\/\/crevilla.com<\/strong>. de acuerdo con la exigencia del art\u00edculo 10 de la mencionada Ley, <strong>Carles Revilla<\/strong>, notifica los siguientes datos: el titular de esta p\u00e1gina web es <strong>Carles Revilla<\/strong>, con NIF: <strong>52626634N<\/strong> y Domicilio Social: <strong>Carrer de l\u2019Ateneu<\/strong>, C\u00f3digo Postal: <strong>08960<\/strong>. Localidad: <strong>Sant Just Desvern<\/strong>, Provincia: <strong>BARCELONA<\/strong>. La direcci\u00f3n de correo electr\u00f3nico de contacto con la empresa es: <strong>hi@crivalla.com<\/strong><\/p>\n\n\n\n<h2 class=\"wp-block-heading\">Aviso legal Web. Usuario y r\u00e9gimen de responsabilidades<\/h2>\n\n\n\n<p>La navegaci\u00f3n por acceso o uso de la p\u00e1gina web&nbsp; y todos los subdominios y directorios incluidos bajo la misma, as\u00ed como los servicios o contenidos que a trav\u00e9s de \u00e9l se puedan obtener y todos los portales de dominio propio bajo titularidad de <strong>Carles Revilla<\/strong>, otorga la Condici\u00f3n de <strong>Usuario<\/strong>, por la que se aceptan, al navegar por la p\u00e1gina <strong>Carles Revilla<\/strong>, todas las condiciones de uso que se establecen aqu\u00ed sin perjudicar la aplicaci\u00f3n de la correspondiente normativa de obligado cumplimiento legal seg\u00fan el caso.<\/p>\n\n\n\n<p>Por eso, si las consideraciones detalladas en este aviso legal no son de su conformidad, rogamos no haga uso del portal, ya que cualquier uso que haga del mismo o los servicios y contenidos en \u00e9l incluidos implicar\u00e1 la aceptaci\u00f3n de los t\u00e9rminos legales recogidos en este texto.<\/p>\n\n\n\n<p>La p\u00e1gina web de <strong>Carles Revilla<\/strong> proporciona gran diversidad de informaci\u00f3n, servicios y datos. El usuario asume su responsabilidad en el uso correcto de los sitios web. Esta responsabilidad se extender\u00e1 a: La veracidad y licitud de las informaciones aportadas por el usuario en los formularios emitidos por <strong>Carles Revilla<\/strong> para acceder a determinados contenidos o servicios ofrecidos por la web.<\/p>\n\n\n\n<p>El uso de la informaci\u00f3n, servicios y datos ofrecidos por <strong>Carles Revilla<\/strong> no ir\u00e1n contra las disposiciones de estas condiciones, la Ley, la moral, las buenas costumbres o el orden p\u00fablico o que, en otro caso, puedan suponer lesi\u00f3n de los derechos de terceros o del funcionamiento de los sitios web. A tal efecto, el Usuario se abstendr\u00e1 de utilizar cualquiera de los contenidos con fines o efectos il\u00edcitos, prohibidos en este texto, lesivos de los derechos e intereses de terceros, o que de cualquier forma puedan da\u00f1ar, inutilizar, sobrecargar, deteriorar o impedir la normal utilizaci\u00f3n de los contenidos, otros Usuarios o de cualquier usuario de Internet (hardware y software).<\/p>\n\n\n\n<p>Los usuarios responder\u00e1n de los da\u00f1os y perjuicios de toda naturaleza que la empresa propietaria de la web pueda sufrir, directa o indirectamente, como consecuencia de incumplimiento de cualquiera de las obligaciones derivadas del uso de la Web y de esta pol\u00edtica de privacidad.<\/p>\n\n\n\n<p>En particular, ya t\u00edtulo meramente indicativo y no exhaustivo, el Usuario se compromete a no transmitir, difundir o poner a disposici\u00f3n de terceros informaciones, datos, contenidos, mensajes, gr\u00e1ficos, dibujos, archivos de sonido y\/o imagen, fotograf\u00edas de la web.<\/p>\n","protected":false},"excerpt":{"rendered":"<p>Aviso legal Informaci\u00f3n corporativa En cumplimiento de la Ley 34\/2002, de 11 de julio, de servicios de la sociedad de la informaci\u00f3n y de comercio electr\u00f3nico, Carles Revilla, le informa que es titular del sitio web: https:\/\/crevilla.com. de acuerdo con la exigencia del art\u00edculo 10 de la mencionada Ley, Carles Revilla, notifica los siguientes datos: &hellip;<\/p>\n","protected":false},"author":1,"featured_media":0,"parent":0,"menu_order":0,"comment_status":"closed","ping_status":"closed","template":"templates\/template-builder.php","meta":{"inline_featured_image":false,"_kad_blocks_custom_css":"","_kad_blocks_head_custom_js":"","_kad_blocks_body_custom_js":"","_kad_blocks_footer_custom_js":"","footnotes":""},"class_list":["post-501","page","type-page","status-publish","hentry","post","without-featured-image"],"taxonomy_info":[],"featured_image_src_large":false,"author_info":{"display_name":"admin","author_link":"https:\/\/crevilla.projectes.biz\/es\/author\/server_5wr5ppl3\/"},"comment_info":0,"_links":{"self":[{"href":"https:\/\/crevilla.projectes.biz\/es\/wp-json\/wp\/v2\/pages\/501","targetHints":{"allow":["GET"]}}],"collection":[{"href":"https:\/\/crevilla.projectes.biz\/es\/wp-json\/wp\/v2\/pages"}],"about":[{"href":"https:\/\/crevilla.projectes.biz\/es\/wp-json\/wp\/v2\/types\/page"}],"author":[{"embeddable":true,"href":"https:\/\/crevilla.projectes.biz\/es\/wp-json\/wp\/v2\/users\/1"}],"replies":[{"embeddable":true,"href":"https:\/\/crevilla.projectes.biz\/es\/wp-json\/wp\/v2\/comments?post=501"}],"version-history":[{"count":1,"href":"https:\/\/crevilla.projectes.biz\/es\/wp-json\/wp\/v2\/pages\/501\/revisions"}],"predecessor-version":[{"id":502,"href":"https:\/\/crevilla.projectes.biz\/es\/wp-json\/wp\/v2\/pages\/501\/revisions\/502"}],"wp:attachment":[{"href":"https:\/\/crevilla.projectes.biz\/es\/wp-json\/wp\/v2\/media?parent=501"}],"curies":[{"name":"wp","href":"https:\/\/api.w.org\/{rel}","templated":true}]}}

<h1 class="wp-block-heading">Aviso legal</h1>



<h2 class="wp-block-heading">Información corporativa</h2>



<p>En cumplimiento de la Ley 34/2002, de 11 de julio, de servicios de la sociedad de la información y de comercio electrónico, <strong>Carles Revilla</strong>, le informa que es titular del sitio web: <strong>https://crevilla.com</strong>. de acuerdo con la exigencia del artículo 10 de la mencionada Ley, <strong>Carles Revilla</strong>, notifica los siguientes datos: el titular de esta página web es <strong>Carles Revilla</strong>, con NIF: <strong>52626634N</strong> y Domicilio Social: <strong>Carrer de l’Ateneu</strong>, Código Postal: <strong>08960</strong>. Localidad: <strong>Sant Just Desvern</strong>, Provincia: <strong>BARCELONA</strong>. La dirección de correo electrónico de contacto con la empresa es: <strong>hi@crivalla.com</strong></p>



<h2 class="wp-block-heading">Aviso legal Web. Usuario y régimen de responsabilidades</h2>



<p>La navegación por acceso o uso de la página web&nbsp; y todos los subdominios y directorios incluidos bajo la misma, así como los servicios o contenidos que a través de él se puedan obtener y todos los portales de dominio propio bajo titularidad de <strong>Carles Revilla</strong>, otorga la Condición de <strong>Usuario</strong>, por la que se aceptan, al navegar por la página <strong>Carles Revilla</strong>, todas las condiciones de uso que se establecen aquí sin perjudicar la aplicación de la correspondiente normativa de obligado cumplimiento legal según el caso.</p>



<p>Por eso, si las consideraciones detalladas en este aviso legal no son de su conformidad, rogamos no haga uso del portal, ya que cualquier uso que haga del mismo o los servicios y contenidos en él incluidos implicará la aceptación de los términos legales recogidos en este texto.</p>



<p>La página web de <strong>Carles Revilla</strong> proporciona gran diversidad de información, servicios y datos. El usuario asume su responsabilidad en el uso correcto de los sitios web. Esta responsabilidad se extenderá a: La veracidad y licitud de las informaciones aportadas por el usuario en los formularios emitidos por <strong>Carles Revilla</strong> para acceder a determinados contenidos o servicios ofrecidos por la web.</p>



<p>El uso de la información, servicios y datos ofrecidos por <strong>Carles Revilla</strong> no irán contra las disposiciones de estas condiciones, la Ley, la moral, las buenas costumbres o el orden público o que, en otro caso, puedan suponer lesión de los derechos de terceros o del funcionamiento de los sitios web. A tal efecto, el Usuario se abstendrá de utilizar cualquiera de los contenidos con fines o efectos ilícitos, prohibidos en este texto, lesivos de los derechos e intereses de terceros, o que de cualquier forma puedan dañar, inutilizar, sobrecargar, deteriorar o impedir la normal utilización de los contenidos, otros Usuarios o de cualquier usuario de Internet (hardware y software).</p>



<p>Los usuarios responderán de los daños y perjuicios de toda naturaleza que la empresa propietaria de la web pueda sufrir, directa o indirectamente, como consecuencia de incumplimiento de cualquiera de las obligaciones derivadas del uso de la Web y de esta política de privacidad.</p>



<p>En particular, ya título meramente indicativo y no exhaustivo, el Usuario se compromete a no transmitir, difundir o poner a disposición de terceros informaciones, datos, contenidos, mensajes, gráficos, dibujos, archivos de sonido y/o imagen, fotografías de la web.</p>

<p>Aviso legal Información corporativa En cumplimiento de la Ley 34/2002, de 11 de julio, de servicios de la sociedad de la información y de comercio electrónico, Carles Revilla, le informa que es titular del sitio web: https://crevilla.com. de acuerdo con la exigencia del artículo 10 de la mencionada Ley, Carles Revilla, notifica los siguientes datos: &hellip;</p>
